 the greatest common divisor of h and y?
2
Let t(x) = x**2 - 28*x + 9. Let f be t(28). What is the greatest common factor of f and 279?
9
Let n(o) = o**3 + 10*o**2 + o + 24. Let q be n(-10). Let b be 0 + 38 + 1 + 3. Calculate the highest common factor of b and q.
14
Let h be 7/(28/12) + 21 - -2. Calculate the highest common divisor of h and 988.
26
Let v = 17 - 19. Let n be v/(-6) - (-48)/(-9). Let w = 11 + n. What is the highest common factor of 66 and w?
6
Let u(q) = -7*q + 19 + 6 + 4*q. Let f be u(7). Calculate the highest common factor of 1 and f.
1
Suppose 47 = 2*m - 41. Let g = m - 28. Suppose -5*n + 38 = -2. What is the greatest common factor of n and g?
8
Let f = 508 - 364. What is the greatest common factor of f and 16?
16
Suppose -3*a + 0*a = -45. Let z = -55 + a. Let s = z - -63. Calculate the greatest common factor of 115 and s.
23
Let l be 0/(-1 - (0 - 2)). Suppose l = -3*o + 12, -5*o + 8 = -4*z - 0*o. Let f be -2*(-2)/(4/z). What is the greatest common factor of 15 and f?
3
Let w be ((-162)/(-15))/((-3)/(-15)). Let v be w/2 - (0 - 3). Let q = v - -26. What is the greatest common factor of 14 and q?
14
Suppose -2*f + 63 = 15. Suppose 4 = 5*m - 1. Let c = 2 + m. Calculate the highest common divisor of f and c.
3
Suppose -y = -8 + 3. Suppose 3*u + 6*z - 4*z = 1738, 4*u + y*z = 2308. Suppose 0 = -4*j - 186 + u. Calculate the highest common divisor of j and 11.
11
Let c = -75 - -75. Let y be 27 + (c - 0)/(-3). What is the highest common divisor of 54 and y?
27
Suppose 5*x = -38*h + 37*h + 1571, -1272 = -4*x + 3*h. What is the highest common factor of x and 1155?
105
Let a(z) = -2*z**2 - 22*z + 19. Let o be a(-12). Let t be (3/(-2 - o))/(3/45). What is the greatest common divisor of t and 5?
5
Let o be 0 + (9/(-15) - 306/(-10)). Calculate the greatest common factor of o and 75.
15
Suppose 5*q + 5 = 0, -174*g - 36 = -175*g - 4*q. What is the highest common factor of 260 and g?
20
Suppose -2*a - q - 4*q + 19 = 0, 5*q + 9 = 2*a. Let p be 15/(-60) - (-22)/(-8). Let h = a - p. What is the highest common divisor of h and 90?
10
Let b be -15*(-9 - 1 - (9 - 9)). What is the highest common divisor of b and 60?
30
Suppose 0 = t - 2*n - 9, 0 = 2*t + t - n - 17. Suppose 6*s - t*s - 121 = 0. What is the greatest common divisor of s and 11?
11
Suppose 3*i - 4*m - 164 = -3*m, 3*m = 12. What is the highest common factor of i and 72?
8
Let n(o) be the first derivative of 26*o**3/3 + o**2/2 - 6. Let v be n(-1). What is the highest common divisor of v and 5?
5
Let b = 1059 + -835. Let d be (-3)/5 + (-365)/(-25). What is the highest common divisor of b and d?
14
Let s(a) = 16 + 17*a + 17 + 17 - 49. Let h be s(1). Calculate the highest common factor of h and 27.
9
Suppose 25 = 5*i, -i = 3*l + i - 133. What is the highest common factor of l and 205?
41
Suppose 0 = g + g - 66. Suppose 2*o - 136 = 4*a, 133 = 4*o + a - 130. Calculate the greatest common factor of o and g.
33
Let m = 156 + -95. Calculate the greatest common divisor of 61 and m.
61
Let o be ((-125)/(-15))/(1/(-2))*-3. Let u = -29 + o. What is the greatest common factor of u and 49?
7
Let q(n) = n**2 + 8*n + 24. Let k be q(-14). Let d = 258 - k. Calculate the highest common factor of 25 and d.
25
Suppose 3072 = -12*g + 14160. Calculate the greatest common divisor of g and 6.
6
Suppose 2*t = 4*t. Suppose -y + 108 + 126 = t. Let w = 57 + -31. What is the greatest common factor of y and w?
26
Suppose 3*i - m = 115, 54*m + 60 = i + 58*m. What is the highest common divisor of 104 and i?
8
Let u = -126 - -145. Suppose u = 2*w - 5*x - 12, 3*x = -4*w + 127. What is the highest common divisor of 21 and w?
7
Suppose -4*f + 41 = -f + p, -67 = -5*f - 3*p. What is the greatest common divisor of f and 1134?
14
Let b(d) = d**2 - 8*d - 10. Let c be b(10). Let j be ((-252)/c)/(2/(-25)). What is the highest common factor of 35 and j?
35
Let r be 208/12 + (-5)/15. Suppose -4*c + 7 + r = 0. What is the greatest common divisor of 30 and c?
6
Let p be (48/2)/(6/4). Let t(v) be the first derivative of v**3 - 4*v**2 + 8*v - 9. Let y be t(4). Calculate the highest common factor of p and y.
8
Let a = 25 + -18. What is the highest common divisor of 49 and a?
7
Let c = 16 + -11. Let w(d) = 2*d**2 + 4*d - 15. Let o be w(-11). Suppose -o = -c*h + 157. Calculate the greatest common factor of h and 17.
17
Suppose -54 = -2*l + 7*l + u, -l + 4*u + 6 = 0. Let k be (l/(-2) - 2)*30/18. Calculate the greatest common factor of k and 35.
5
Suppose -354 = -6*g + 30. Let b = 68 - g. What is the highest common factor of b and 28?
4
Let v(n) = n**2 + 1. Let c be v(1). Let s be (-21)/c*(-16)/12. Let z = 265 - 139. What is the greatest common divisor of z and s?
14
Let x = -200 - -227. Calculate the highest common divisor of 27 and x.
27
Let v = 127 + -119. What is the highest common divisor of v and 392?
8
Let m(z) = z**3 - 28*z**2 + 51*z + 29. Let o be m(26). Let c be (1 - (o + -1))*-15. Calculate the highest common factor of 75 and c.
15
Let l = 71 - 139. Let t = l + 101. Calculate the highest common factor of 22 and t.
11
Suppose -17*w - 108 = -720. Suppose 2*g + g - 27 = 0. Calculate the highest common factor of w and g.
9
Let z be 14*5*(-6)/(-30). Let v(x) = 4*x**2 + 6*x + 2. Suppose r + 6 = 2. Let o be v(r). Calculate the highest common factor of o and z.
14
Let p = 15 + -15. Suppose 0 = -2*s - 5*v + 9, p*v - 6 = 2*v. Let o be 789/s - 3/(-12). Calculate the greatest common factor of o and 6.
6
Let i = -2624 - -2639. Suppose x = -a - 7, 24 = -2*a - 5*x + x. Let g be 3 - (a/(-2) + -1). Calculate the highest common factor of i and g.
3
Let x(w) = w**3 + 7*w**2 + 3*w - 13. Let p be x(-6). Suppose 95 = p*m - 30. What is the greatest common factor of m and 20?
5
Let x be ((-36)/(-3))/((-9)/(-30)). Suppose 6*m - 7*m + x = 0. Calculate the greatest common divisor of m and 200.
40
Let b be 17/(816/36)*8. Let o(t) = 21*t. Let i be o(2). Suppose 0 = g - 2, 4*y - i = -3*g. Calculate the greatest common factor of y and b.
3
Let l be (5 + 4)*4 - 2. Let z be 137 + (-4 - -2)/2. Calculate the highest common factor of l and z.
34
Let h(c) = -c**2 - 36*c + 13. Let r be h(-34). Calculate the greatest common factor of 3 and r.
3
Suppose 85 = -3*j - 2*j. Suppose 3*f - 96 = 3*k, -k + 2*k = -5*f + 148. Let z = f + j. Calculate the highest common factor of z and 52.
13
Let k be 4 + 126/(-30) - 855/(-25). Calculate the greatest common divisor of 2074 and k.
34
Let d = 332 + 1071. Calculate the highest common divisor of 61 and d.
61
Let j = 2315 + -2192. Calculate the highest common factor of j and 6.
3
Suppose d + 2*d - 354 = 0. Calculate the highest common factor of d and 295.
59
Let n be (2 - 5)/((-1)/7). Let x(v) = -v**2 - 10*v + 27. Let o be x(2). Suppose o = -2*b + n. What is the greatest common factor of b and 63?
9
Let t be 20496/308 + (-12)/22. What is the greatest common divisor of 1254 and t?
66
Let l(u) = u**3 - 6*u**2 + 4. Let v be l(6). Suppose v*h = 23 + 21. Let b = 157 + -102. Calculate the greatest common factor of b and h.
11
Let a(r) = r**2 - 2*r - 4. Let u be a(-3). Let j = u - -8. Let c = j + -4. Calculate the highest common factor of 30 and c.
15
Let t be -2 - -5 - (-9)/(-1). Let l = t + 9. Suppose -q = -l*o - 0*o - 15, 0 = -2*q - 3*o + 30. What is the highest common divisor of 5 and q?
5
Let r(s) = s**2 - 16*s + 7. Let c be r(19). What is the greatest common divisor of c and 464?
16
Let a be ((-70)/(-30))/((-1)/(-3)). Let r(x) = a*x + 1 - 4 - 6*x. Let v be r(10). What is the highest common divisor of v and 63?
7
Let g = -6 + 14. Let a be (80/(-6))/(2*(-8)/48). Calculate the highest common factor of g and a.
8
Let c be (20/(-18))/5 - (-174)/54. Suppose 4*x = 3*i + 16, -2*x + 6*i = c*i - 14. What is the highest common factor of 11 and x?
1
Let p(g) = 7*g**3 - 4*g**2 + 2*g. Let s be p(2). Let x = -7 - -12. Suppose -o + 4*y + 24 = 0, y = -0 - x. Calculate the highest common factor of s and o.
4
Let f be (-2)/(-7) - (-1606)/14. Let a = -76 + f. What is the highest common divisor of 234 and a?
39
Let n = 103 - 99. Suppose -2*s + 0*s = 4*b - 212, 3*s + 202 = n*b. Calculate the greatest common divisor of 104 and b.
52
Suppose -4*a = 9*a - 3003. Calculate the greatest common factor of 189 and a.
21
Suppose -12 = -4*n + 4*w, 228*w - 229*w + 13